
2, 5
Let r(h) = -3*h - 3. Let f be r(-5). Suppose -4*d + 88 = -f. What are the prime factors of d?
5
Suppose -3*d = -19 + 10. Let m(g) = -g**2 + 6*g + 3. Let l be m(6). Let t = d + l. List the prime factors of t.
2, 3
Suppose 4*d - 28 = -4*s, 22 - 80 = -4*s + 2*d. List the prime factors of s.
2, 3
Let g be ((-3)/(-2))/(6/8). Suppose -g*m - 2*m = -256. Suppose -5*i + a = -2*a - m, 0 = -2*i + 3*a + 31. List the prime factors of i.
11
Let n be 0 - (2 + -8 - -3). Suppose n*w - 2*q - 113 = 0, -q + 36 = w - 2*q. List the prime factors of w.
41
Suppose 3*v - 8*v = 25. Let h = 9 + v. What are the prime factors of h?
2
Let d = 9 + -15. Let s(b) = b + 10. Let w be s(d). Suppose -3*y = -w*y + 8. List the prime factors of y.
2
Let f be 9/6 + (-10)/(-4). List the prime factors of (f/(-6))/((-22)/957).
29
What are the prime factors of 56/12*(-6)/(-4)?
7
List the prime factors of (-42)/(-10) + -4 + 449/5.
2, 3, 5
Let a be 2/((-4)/6) + 3. Let q(n) = -n**2 + 6. What are the prime factors of q(a)?
2, 3
What are the prime factors of 8/2 + 88/4?
2, 13
Let q = -241 - -552. What are the prime factors of q?
311
Suppose 0*n = 5*n + 30. List the prime factors of (28/(-12))/(2/n).
7
Let b(k) = k**2 + 8*k + 15. What are the prime factors of b(-8)?
3, 5
Let m = -77 - -55. Let g = -20 - m. List the prime factors of g.
2
Let u be (6/15)/((-2)/(-20)). Suppose 6*y - u*y - 26 = 0. List the prime factors of y.
13
Suppose -80 = -4*v + 2*b, 0*v = -v - 5*b - 2. Let d = 25 - v. Let y = 15 - d. What are the prime factors of y?
2
Suppose 4 = 5*i - 3*i. Suppose 3*t + i*t - 70 = 0. List the prime factors of t.
2, 7
Let j = 87 - 46. List the prime factors of j.
41
List the prime factors of -5*(0 + 64/(-20)).
2
Let k be (-9)/(-18) + (-34)/(-4). Let c = k - 4. List the prime factors of c.
5
Let i(l) = -3*l - 4. Suppose -p + 4 = 3, -5*p + 13 = -2*n. List the prime factors of i(n).
2
Suppose -2*p = 5*d + 20, -4*d - 34 + 6 = 4*p. Let b be p/20 + (-49)/(-4). Suppose -b = -3*w + 5*q, 4*w + 5*q = w + 12. List the prime factors of w.
2
Let w(u) = -4*u**3 + u**2 + 8*u + 7. List the prime factors of w(-4).
13, 19
Let n be 14*(-3)/(-6) + -2. Let v = n + -2. List the prime factors of ((-3)/(-2))/(v/4).
2
Let c = -92 - -182. Let f be (-3)/(-4) + c/8. Let a = 21 - f. List the prime factors of a.
3
Let d = 16 + 2. What are the prime factors of d?
2, 3
Let n(c) = -c**3 + 7*c**2 + 3. What are the prime factors of n(6)?
3, 13
Let a be 10/15 - 872/(-6). Suppose -5*d - 2*j + a = 0, 4*d - 123 = 2*j - 17. What are the prime factors of d?
2, 7
Suppose 108 = 3*v + 3*l, -3*v + 6*v = 4*l + 129. List the prime factors of v.
3, 13
Suppose k = 3*k - 4. Let u(r) = -k - r + 0 + 3. List the prime factors of u(-1).
2
Let h be 2 - (-21 + 1 - -1). Let i = -15 + h. What are the prime factors of i?
2, 3
Suppose -w + 838 = 3*h, 549 = 5*h + 5*w - 851. What are the prime factors of h?
3, 31
Suppose 0 = 5*a, 9*v - 4*v - 90 = 2*a. What are the prime factors of v?
2, 3
Suppose 0 = -v - v + 12. Let t = v + -4. Suppose u - 30 = -4*a + 33, -t*u + 75 = 5*a. What are the prime factors of a?
17
Let o(z) = 1 - 7 + 4 - z**2 + 0*z**2 + 6*z. What are the prime factors of o(5)?
3
Let b be 10/(-2 + -1 + 2). Let a = 28 + b. List the prime factors of (-4 + 1)/(-6)*a.
3
List the prime factors of (22/(-4) + 3)*-2.
5
Suppose 82 = 4*z - 3*z - 5*g, 5*g = 2*z - 159. Suppose 4*h - 15 = -4*r + z, -4*r - 2*h = -100. What are the prime factors of r?
3
Let y(d) = 26*d + 15. List the prime factors of y(4).
7, 17
Let c(w) = w**2 + 9*w - 3. What are the prime factors of c(-10)?
7
Suppose -2*m + 14 = 3*f, -4*m + 2*f = -6*m + 10. List the prime factors of 14*(-1)/(-2)*m.
7
Let c(f) = -f**3 - 16*f**2 - 22*f - 9. What are the prime factors of c(-15)?
2, 3
Let a(m) = 0*m - 2*m - 3*m - 2*m + 3. Let j be a(2). Let s = 26 + j. List the prime factors of s.
3, 5
Let y(f) = -f**3 - 6*f**2 - 5*f - 4. Let b be y(-5). Suppose 2*n = h + 30, 6*h - 10*h + n - 106 = 0. Let t = b - h. What are the prime factors of t?
2, 11
Let c(b) = 2*b**2 + 3*b - 2. Let i be c(2). Suppose -4*t = -i - 0. What are the prime factors of t?
3
Let h be 4/1 - 12/6. Suppose 2*b = 10 - h. What are the prime factors of b?
2
Let x(l) = 2*l - 11. Let p(m) = -m**3 + 6*m**2 + 2*m - 4. Let b be p(6). What are the prime factors of x(b)?
5
What are the prime factors of -3 + (4 - 2) + -7 + 133?
5
Suppose 131 + 101 = 3*w - 4*p, -3*w = 3*p - 267. List the prime factors of w.
2, 3, 7
Let x(v) = -v**3 + 2*v**2 + 8*v + 5. List the prime factors of x(4).
5
Let g(h) = -8*h**3 + h**2 + 2*h + 2. List the prime factors of g(-2).
2, 3, 11
List the prime factors of 579/24 + (-7)/56.
2, 3
Suppose -4 = i + 3*l, -5*i - 2 = -2*i - l. Let a be ((-4)/10)/(i/10). Suppose -f - 30 = -a*f. What are the prime factors of f?
2, 5
Suppose m + 3*a = 225, -4*m - 302 = 5*a - 1181. What are the prime factors of m?
2, 3
Let l(c) = 2*c**2 - 3*c - 3. Let h(p) = -2*p + 4. Let j be h(0). List the prime factors of l(j).
17
Suppose s + 0*r - 2 = 4*r, 0 = -3*r + 6. What are the prime factors of s?
2, 5
Let c(m) = -3*m + 4. What are the prime factors of c(-3)?
13
Let u = -2 - -5. Suppose -3 + 9 = u*q. Suppose -g + q*g = h - 14, 68 = 5*h - 4*g. List the prime factors of h.
2, 3
Let n(c) = c + 9. Let x be n(-11). Suppose 3*v + 0*v - 6 = 0. Let y = v - x. What are the prime factors of y?
2
Let r be -3*(-12)/(-9) - -3. List the prime factors of (r + -1)*33/(-6).
11
Suppose -a - 5 = -3*t + a, 3*t + a - 20 = 0. Let s(h) = h**2 - 4*h + 5. List the prime factors of s(t).
2, 5
Let p be (2/4)/(3/(-18)). Let j = 1 - p. What are the prime factors of j?
2
Let w = 9 + -27. Let h be 2/9 + 4/w. Suppose h = -2*n - 7*x + 3*x, -2*n = -x - 15. What are the prime factors of n?
2, 3
Let i = 87 - 61. List the prime factors of i.
2, 13
Let y(w) = 2*w**2 - 2*w - 5 + 5*w + 6*w - 3*w**2. What are the prime factors of y(6)?
13
Suppose -5*j = -0*t + t - 346, -73 = -j - 4*t. Suppose 0*p + z - j = -5*p, z - 30 = -2*p. What are the prime factors of p?
13
Let f = 16 + -11. Suppose -4*t - 16 = -f*t. List the prime factors of t.
2
Suppose -5*p + j = -2, -3*p - 4 + 14 = -5*j. List the prime factors of 1/(1/2) - p.
2
Let q(s) be the second derivative of -s**4/12 + s**3 + 7*s**2/2 + s. Suppose -n - 27 = -5*h, -5*h - 2*n + 28 = -8. What are the prime factors of q(h)?
7
Suppose 3*a - 2*d - 363 = 113, 4*d + 152 = a. What are the prime factors of a?
2, 5
Let c = 1119 - 713. What are the prime factors of c?
2, 7, 29
Suppose -6*f + 3*f = -12. Suppose f*k - 3*y - 16 = 0, 35 - 12 = 5*k - 3*y. What are the prime factors of k?
7
Let o = 27 + -18. Let b be 3/(-9) - (-1677)/o. What are the prime factors of 2/(-7) - b/(-14)?
13
Let t(w) = 11*w - 7. Let m be t(4). Suppose -29 = -2*v + m. What are the prime factors of v?
3, 11
Let r be (2/4)/((-3)/198). What are the prime factors of (-10)/5 + (-1 - r)?
2, 3, 5
Let u(g) = g**2 + 33. Let a = 6 - 6. What are the prime factors of u(a)?
3, 11
Let t(p) be the second derivative of -p**5/20 + 5*p**4/6 - 5*p**3/6 + 3*p**2 - 8*p. List the prime factors of t(9).
2, 3, 7
Let h(x) = 5*x - 7. Let n(v) = 11*v - 15. Let d(q) = 9*h(q) - 4*n(q). List the prime factors of d(10).
7
Let t(d) = -d - 6. Let r be t(-9). Suppose -b - 40 = -r*b. What are the prime factors of b?
2, 5
Let c = 15 - -210. What are the prime factors of c?
3, 5
Let y(q) = -q**2 - q**2 + 3*q**2 + q + q + 4. What are the prime factors of y(-3)?
7
Suppose -4*d = -o - 11, d + d + o - 7 = 0. Suppose -d*j + 846 = -207. What are the prime factors of j/21 + 4/14?
17
Let l(p) = p**2 - 12*p - 14. List the prime factors of l(-9).
5, 7
Let f(x) = -x**2 - 4*x + 7. Let z be f(-5). Suppose 3*g + z*g - 250 = 0. List the prime factors of g.
2, 5
Suppose -88 = -5*i + i. List the prime factors of i.
2, 11
What are the prime factors of -1*(-24 - -4 - -3)?
17
Suppose 0 = 3*x - 0 - 12. Let h = 23 + -11. Suppose x*w - h = -2*u + 6*w, 2*w + 39 = 5*u. What are the prime factors of u?
3
Suppose -v + 4*p = -129 + 347, 5*v = 4*p - 1090. List the prime factors of 2/(-9) - v/9.
2, 3
Let s be (-1 + 0)*(-11 + 4). Let k(h) = -6*h + 14. Let d(c) = -3*c + 7. Let x(l) = 5*d(l) - 3*k(l). What are the prime factors of x(s)?
2, 7
Suppose 0 = -0*n - 2*n + 6. Suppose -2*r + 5 = n*r. List the prime factors of -3*12/(-9)*r.
2
Suppo